ts digit of i?
1
Let i(w) = -2. Let p(u) = u**2 - 9. Let v(c) = -9*i(c) + 2*p(c). Suppose -2*l = -a + 12, -6*a = -2*a + l - 3. What is the units digit of v(a)?
8
Suppose 0 = 27*x - 3004 - 3449. What is the units digit of x?
9
Let w(v) = -2*v**3 - v**2 - 3. Let s be w(-2). Let d be (6/(-9))/((-6)/s). What is the tens digit of -25*(0/(-4) - d)?
2
Let v(t) = -t**3 - 10*t**2 - 13*t - 1. Suppose 2*k - 43 = -g, -5*g + 9 + 26 = k. Suppose -2*j = -2*b + k, -3*j = -j - 4*b + 22. What is the units digit of v(j)?
5
Let u(t) = 3*t**2 - 2*t - 2. Let y be u(-1). Suppose 0 = y*v + w - 90, v - 4*v + 90 = 5*w. Let b = v - 13. What is the tens digit of b?
1
Let i be -43*(-5 + 1 + -4). Let g be i/72 - (-2)/9. Suppose g*j - 27 = 3. What is the units digit of j?
6
Let j = 1555 - 427. What is the hundreds digit of j?
1
Let y(n) be the second derivative of 0 + 1/12*n**4 + 15/2*n**2 + 11/6*n**3 + 3*n. What is the units digit of y(-10)?
5
Let m(y) = y**2 - 8*y + 5. Let f be m(10). Suppose -7*v - f = -60. Suppose -284 = -v*w - k, 3*k - 4*k = -2*w + 115. What is the units digit of w?
7
Suppose n = 5*m + 350, 1773 = 4*n + 2*m + 373. What is the tens digit of n?
5
Suppose -3*g = -g. Suppose g = 15*z - 13*z - 78. Suppose 4*k - z = -7. What is the units digit of k?
8
What is the tens digit of (-3332)/102*(-342)/21?
3
Let w = -18 + 11. Let p(t) = t**2 - 13*t + 5. Let h be p(5). What is the units digit of (-202)/(-10) - w/h?
0
Let i(n) = n**2 + 19 + 11*n - 18*n + 9*n. What is the units digit of i(0)?
9
Let w = 1180 - 592. What is the units digit of w?
8
Suppose -s - 4*b + 8*b = -192, -s - 5*b = -201. What is the units digit of s?
6
Suppose 44*f - 54*f = -1820. What is the hundreds digit of f?
1
Suppose -2*p - 26 = -4*p. Suppose n = 2*j + 61, -4*j + 305 = 4*n + p. What is the units digit of n?
9
Let n(u) = -79*u - 4. Let v be n(2). What is the units digit of (3 + -5)*v/4?
1
Suppose -6 = 12*a + 18. Let h(r) = -26*r**3 - 6*r - 8. What is the tens digit of h(a)?
1
Let c = -182 - -417. Suppose 4*r = w - 135, 3*r - 2*r = 2*w - c. What is the tens digit of w?
1
What is the tens digit of (-7)/(-28)*796 - 4?
9
Let p be 496/120 - (-6)/(-45). Suppose -187 = -p*b + 177. What is the tens digit of b?
9
Let a(c) = c**2 - 2*c - 5. Let w be a(4). Let b(f) = -w*f - 5 + 7 - 9. What is the tens digit of b(-7)?
1
Let i be 1/2*(-6 - -8)*5. Suppose 3*q - 10 = -i*o, 3*q - o + 5*o - 14 = 0. What is the units digit of q?
0
Suppose -2*i - 2 = 8, -2*i = 4*p - 114. Let m = 39 - p. What is the units digit of m?
8
Let i(k) = k**3 + 7*k**2 - 7*k - 6. Let g = 12 + -19. What is the tens digit of i(g)?
4
Let j be (4/4 - 1) + 2. Suppose j*m - 8 = m. What is the units digit of m?
8
Suppose -d + 3*t = -498, 24 = 2*d + 5*t - 994. What is the hundreds digit of d?
5
Suppose 0 = -5*s + 384 + 276. Let b be (-2 - 0) + (-5)/(15/(-6)). Suppose -4*u = 4*r - s, -3*u + 9*r - 4*r + 91 = b. What is the units digit of u?
2
Let n = 545 - 231. What is the hundreds digit of n?
3
Suppose -6*t = 12 + 12. What is the tens digit of (-1 - 3)/t - -49?
5
Suppose 3*h = -23*h + 13052. What is the hundreds digit of h?
5
Let i(f) = f**2 - 10*f + 13. Let x be i(8). Let m = 38 - 20. What is the units digit of 2*(x + m/4)?
3
Let y = -30 - -33. Let l = 121 + y. What is the hundreds digit of l?
1
Let j(r) = r**2 + 3*r + 3. Let b = 19 - 22. What is the units digit of j(b)?
3
Let r(m) = 15*m**2 + 11*m - 36. What is the tens digit of r(5)?
9
Let j be (-4)/18 - (-2524)/18. Suppose v = -6*v + j. What is the units digit of v?
0
Let w(n) = 6*n**2 - 2*n - 4. Let m be (8/6)/(15/(-45)). What is the hundreds digit of w(m)?
1
Let w(c) = -26*c - 19. Let b be w(-7). Let d = b - 72. What is the tens digit of d?
9
Let i(m) = -9*m**3 + 33*m**2 - 28*m - 14. Let c(v) = -5*v**3 + 17*v**2 - 14*v - 7. Let z(p) = -7*c(p) + 4*i(p). What is the units digit of z(11)?
1
Let x be (-3)/((-12)/(-50))*144/(-15). Suppose x = 20*z - 15*z. What is the units digit of z?
4
Suppose 3*h + 5*w = 2*h - 17, 5*h + 5*w = -5. Let z(q) = -q - 10*q**3 + 11*q**3 - 3 - q**2 + 5. What is the units digit of z(h)?
7
Let q = 2 + 17. Let g = q - 10. Suppose 0 = 6*u - g*u + 180. What is the tens digit of u?
6
Suppose 4*d + 4*a - 532 = 0, 2*d + a = -3*d + 645. Suppose -7*s + 40 = -d. What is the tens digit of s?
2
Let s(t) = 2*t**2 - 27*t - 293. What is the hundreds digit of s(-25)?
6
What is the hundreds digit of (1 - (-21)/(-6))*(-321 + 11)?
7
What is the units digit of 608/64*(1 - 2)*-302?
9
Let q = -12 - -2. Let l = 22 + q. Suppose -160 = -4*m + 3*d - 2*d, -l = 3*d. What is the units digit of m?
9
Suppose 4*u - 33 = -3*h + 68, h = -3*u + 77. Let y = u + -25. What is the units digit of 30*y + (1 - -1)?
2
Suppose 6*k = 57 + 27. Suppose -236 = -18*b + k*b. What is the tens digit of b?
5
Let y be (3/6)/((-3)/(-366)). Let r = -26 + y. Let q = 50 - r. What is the units digit of q?
5
Let y be (-6)/((1/(-3))/(3/18)). Suppose r = -4*d + 400, -y*d - 2*r + 309 = r. What is the units digit of d?
9
Let k(s) = -s + 3. Let u be k(0). Suppose -j + u*j = 4. Suppose j*f - 15 = -f. What is the units digit of f?
5
Let t(o) = -70*o + 150. Let n(s) = -14*s + 30. Let w(a) = 14*n(a) - 3*t(a). Let i(v) = 5*v - 10. Let f(h) = 11*i(h) - 4*w(h). What is the units digit of f(8)?
2
Suppose -3*n + 660 = 5*g - 1893, 0 = -5*g + 5*n + 2545. What is the units digit of g?
0
Let o = 752 + -214. What is the tens digit of o?
3
What is the units digit of 1/4 - 5102/(-8)?
8
Suppose 2*j + 7350 = 16*j. What is the tens digit of j?
2
Suppose 0 = -c - q - 333, 0*c + c + 321 = 3*q. What is the units digit of 6/(-27) + c/(-27)?
2
Let x(s) = s**2 + 7*s - 5. Let i be x(-8). Let o = 0 + i. Suppose 2*k = q + 38, o*q = -k - 0*k + 5. What is the units digit of k?
7
Let k be 45 - 0/(2 - -2). Suppose 0*u - k = -u. What is the units digit of u?
5
What is the hundreds digit of 2375/3 + (-64)/(-192)?
7
Suppose -x + 2847 = -1480. Suppose 20*r - 513 = x. What is the units digit of r?
2
Suppose 85*s = 72*s + 16848. What is the thousands digit of s?
1
Suppose 0 = 4*j + 3*y - 732 - 303, 2 = 2*y. What is the hundreds digit of j?
2
Let l(s) = 29*s**2 - 14*s - 4. Let g be l(-4). Suppose -3*h = -0*k - 2*k - 504, -2*k = 3*h - g. What is the tens digit of h?
7
Let g be (7 - (-114)/(-18))*9. Let i(r) = 2*r - 12. Let c(s) = s**2 - s. Let t(q) = 2*c(q) - i(q). What is the units digit of t(g)?
0
Let f be (-185 - 3)/((-1)/1). Let u = f - 71. What is the units digit of u?
7
Suppose 0 = -3*u - u + 4. What is the tens digit of (-878)/(-12) + u - (-4)/(-24)?
7
Let h(f) = f**3 + f**2 + 14*f + 767. What is the hundreds digit of h(0)?
7
Suppose 22*c = 20*c + 8. Suppose -2*o - c*u + 142 = 3*o, -61 = -2*o - 3*u. What is the units digit of o?
6
What is the hundreds digit of -2*(1 - 581)/4?
2
Suppose -1272 = 16*s - 5512. What is the hundreds digit of s?
2
Suppose -2007 + 233 = -3*w + t, 4*w - 3*t - 2357 = 0. What is the tens digit of w?
9
Let l = -10 + 33. Let v = l + -17. What is the units digit of (3 + -5)*(-3)/v?
1
Let m = -7 - -18. Let a = m + -9. Suppose -3*g = a*f - 105, 7*g = 2*g - 4*f + 175. What is the tens digit of g?
3
Let q = 20 - 15. Let x be 8/3 + 2/(-3). Suppose 4*l + 4*d = x*l + 38, q*l + 5*d = 90. What is the units digit of l?
7
Let q(y) = 3*y**2 + 4*y - 2. Let u be q(-2). What is the units digit of (-30)/(-5)*3/u?
9
Let z be (1 + -7)/(-4 - -2). Let o(j) = 22*j - 8. What is the units digit of o(z)?
8
Suppose 29*o = 18*o + 5445. What is the hundreds digit of o?
4
Let s(m) be the second derivative of -2*m**3 - 10*m**2 + 22*m. What is the hundreds digit of s(-14)?
1
Let y be (-16)/(-5) - (-4)/(-20). Suppose 9 + 6 = y*o. Suppose 2*s = -6, 5*s - 38 - 27 = -o*l. What is the tens digit of l?
1
What is the hundreds digit of 31900/77*(-14)/(-4)?
4
Suppose -6*j + 17 = -1. Let k = 175 - j. What is the units digit of k?
2
Let v(b) be the first derivative of 22*b**3/3 + b**2/2 + 2*b - 1. What is the units digit of v(-1)?
3
Suppose -83 - 109 = -4*y. What is the tens digit of y?
4
Let t = 583 - -108. Suppose 59 = 3*p - 4*a - 360, 5*p - 3*a = t. What is the units digit of p?
7
Let w(h) = -h**2 + 17*h + 4. Let k be w(17). What is the units digit of (3/(-15)*k)/(13/(-1300))?
0
Let r = 21 - 22. What is the tens digit of 103 - (-1 + -1) - -3 - r?
0
Suppose -i = 4*i - 120. Supp